{"id":200,"date":"2025-02-22T17:58:22","date_gmt":"2025-02-22T16:58:22","guid":{"rendered":"https:\/\/kistehgw.de\/?page_id=200"},"modified":"2025-02-22T18:38:55","modified_gmt":"2025-02-22T17:38:55","slug":"dark-theatre","status":"publish","type":"page","link":"https:\/\/kistehgw.de\/index.php\/eventseite\/dark-theatre\/","title":{"rendered":"Dark Theatre"},"content":{"rendered":"\n<div class=\"wp-block-media-text alignwide is-stacked-on-mobile\" style=\"border-style:none;border-width:0px;border-radius:0px;padding-top:0;padding-bottom:0\"><figure class=\"wp-block-media-text__media\"><\/figure><div class=\"wp-block-media-text__content\">\n<p class=\"has-large-font-size\">Unsere Gothic-Party &#8211; Ein Ort f\u00fcr die Seelen der Nacht<\/p>\n\n\n\n<p class=\"has-medium-font-size\">Jeder Moment im Dark Theatre ist eine Reise in die Dunkelheit &#8211; eine Reise, die du alle zwei Monate am ersten Samstag im Studentenclub Kiste antreten kannst.<\/p>\n\n\n\n<p class=\"has-medium-font-size\">Von Dark Wave \u00fcber Post-Punk bis zu Goth Rock und EBM \u2013 unsere DJs bieten dir Soundtracks f\u00fcr eine Nacht, in der die Zeit stillzustehen scheint. <\/p>\n\n\n\n<p class=\"has-medium-font-size\">Die Atmosph\u00e4re? Dunkel, geheimnisvoll und elektrisch. Flackernde Kerzen und Nebelw\u00e4nde, die die Tanzfl\u00e4che in mystische Schleier h\u00fcllen, sowie schwarze Deko, die die R\u00e4ume in eine d\u00fcstere Szenerie verwandelt \u2013 hier f\u00fchlt sich jeder Moment wie ein dunkles Ritual an. Ob du dich im Rhythmus der Musik auf der Tanzfl\u00e4che verlierst oder bei einem Met an der Bar die Gespr\u00e4che mit anderen Seelen flie\u00dfen l\u00e4sst \u2013 hier findest du deinen Platz in der Dunkelheit.<\/p>\n\n\n\n<p class=\"has-medium-font-size\"> Komm und erlebe die Nacht, bevor sie endet. Tauche ein und werde Teil der Dunkelheit.<\/p>\n<\/div><\/div>\n\n\n<ul><li>Keine Events gefunden.<\/li><\/ul>\n","protected":false},"excerpt":{"rendered":"<p>Unsere Gothic-Party &#8211; Ein Ort f\u00fcr die Seelen der Nacht Jeder Moment im Dark Theatre ist eine Reise in die Dunkelheit &#8211; eine Reise, die du alle zwei Monate am [&hellip;]<\/p>\n","protected":false},"author":1,"featured_media":0,"parent":32,"menu_order":0,"comment_status":"closed","ping_status":"closed","template":"","meta":{"_EventAllDay":false,"_EventTimezone":"","_EventStartDate":"","_EventEndDate":"","_EventStartDateUTC":"","_EventEndDateUTC":"","_EventShowMap":false,"_EventShowMapLink":false,"_EventURL":"","_EventCost":"","_EventCostDescription":"","_EventCurrencySymbol":"","_EventCurrencyCode":"","_EventCurrencyPosition":"","_EventDateTimeSeparator":"","_EventTimeRangeSeparator":"","_EventOrganizerID":[],"_EventVenueID":[],"_OrganizerEmail":"","_OrganizerPhone":"","_OrganizerWebsite":"","_VenueAddress":"","_VenueCity":"","_VenueCountry":"","_VenueProvince":"","_VenueState":"","_VenueZip":"","_VenuePhone":"","_VenueURL":"","_VenueStateProvince":"","_VenueLat":"","_VenueLng":"","_VenueShowMap":false,"_VenueShowMapLink":false,"footnotes":""},"class_list":["post-200","page","type-page","status-publish","hentry"],"_links":{"self":[{"href":"https:\/\/kistehgw.de\/index.php\/wp-json\/wp\/v2\/pages\/200","targetHints":{"allow":["GET"]}}],"collection":[{"href":"https:\/\/kistehgw.de\/index.php\/wp-json\/wp\/v2\/pages"}],"about":[{"href":"https:\/\/kistehgw.de\/index.php\/wp-json\/wp\/v2\/types\/page"}],"author":[{"embeddable":true,"href":"https:\/\/kistehgw.de\/index.php\/wp-json\/wp\/v2\/users\/1"}],"replies":[{"embeddable":true,"href":"https:\/\/kistehgw.de\/index.php\/wp-json\/wp\/v2\/comments?post=200"}],"version-history":[{"count":7,"href":"https:\/\/kistehgw.de\/index.php\/wp-json\/wp\/v2\/pages\/200\/revisions"}],"predecessor-version":[{"id":237,"href":"https:\/\/kistehgw.de\/index.php\/wp-json\/wp\/v2\/pages\/200\/revisions\/237"}],"up":[{"embeddable":true,"href":"https:\/\/kistehgw.de\/index.php\/wp-json\/wp\/v2\/pages\/32"}],"wp:attachment":[{"href":"https:\/\/kistehgw.de\/index.php\/wp-json\/wp\/v2\/media?parent=200"}],"curies":[{"name":"wp","href":"https:\/\/api.w.org\/{rel}","templated":true}]}}